6*d - 206 = 0. List the prime factors of c.
113
Let v = 94 + -78. List the prime factors of v.
2
Suppose 2*k + 1 = -1. List the prime factors of (k + 19)*(-2)/(-3).
2, 3
Let u(z) = z**3 + 5*z**2 - z + 4. Let q(w) = 4*w - 14 - 3*w**3 - 2 - 21*w**2 - w**3. Let g(k) = 2*q(k) + 9*u(k). What are the prime factors of g(-3)?
7
Suppose 0 = -5*o - y + 1199, -4*o = -2*o - y - 481. Suppose o = 6*i - 0*i. List the prime factors of i.
2, 5
Let q = 15 - 19. Let l(p) = p**3 + 3*p**2 - 5*p - 1. List the prime factors of l(q).
3
Let p(n) = -n + 12. What are the prime factors of p(-13)?
5
Suppose 3*n + 61 = 325. List the prime factors of n.
2, 11
Suppose 5*o = 3*t - 499, 0*t + 3*o + 853 = 5*t. List the prime factors of t.
173
Suppose 4*o = -3*u + 375, -3*o + 144 + 492 = 5*u. Suppose 2*g - u = -g. What are the prime factors of g?
43
Suppose -5*z = 5 + 50. Let w = -8 - z. What are the prime factors of w?
3
Let b = 4 + 9. Let v = b + 11. List the prime factors of v.
2, 3
Let l = 43 + 181. List the prime factors of l.
2, 7
What are the prime factors of (-1 + 1*30)/1?
29
Suppose -12 = -2*r - 0. Let b = r - -5. What are the prime factors of b?
11
Let d = 22 + 8. List the prime factors of d.
2, 3, 5
Let q(k) = k**3 + 4*k**2 - 5*k + 3. Let x be q(-5). List the prime factors of x + (-1 - -1) + 20.
23
Suppose 3*s - 441 = 204. What are the prime factors of s?
5, 43
Let p be (-4)/2*(0 - -5). What are the prime factors of (12/10)/((-3)/p)?
2
Let i(w) = -3*w + 1. Let a be i(4). Let p = 4 + a. Let c = 4 - p. List the prime factors of c.
11
Suppose 3*o - 21 = -3. Let q = o - 3. What are the prime factors of 3*(1 + 7/q)?
2, 5
Let i(r) = -r**3 + 9*r**2 - 4*r - 1. List the prime factors of i(8).
31
Suppose -5*f + 116 = -f. Suppose 5*o - u - 147 = 0, -4*o - 5*u + 164 = f. What are the prime factors of o?
2, 3, 5
Let s(t) = 2*t**2 - 14*t - 11. List the prime factors of s(15).
229
Suppose -18 = 2*i + 2. Let n = 16 + i. Suppose -4*z + n + 62 = 0. What are the prime factors of z?
17
Let i = 467 + -234. List the prime factors of i.
233
Let q(x) = -x**2 + 6*x + 2. Suppose 0 = -3*b + b + 10. Let i be q(b). Let s = i - 3. List the prime factors of s.
2
Suppose -2*z + 51 = -9. Suppose 3*n + 2*k - z = -2*n, 3*n - 18 = 4*k. What are the prime factors of n?
2, 3
Suppose -2*k + 0*k + 4 = 0. Suppose s + s + 4*m - 36 = 0, k*s - 31 = -3*m. List the prime factors of s.
2
Let g(p) be the third derivative of p**5/15 - 5*p**4/24 - p**3/3 + 9*p**2. List the prime factors of g(4).
2, 3, 7
Let v = 52 + -9. List the prime factors of v.
43
Suppose -15*w = -11*w - 192. List the prime factors of w.
2, 3
Let w(k) = k**3 + 2*k**2 - k + 1. Let d be w(-2). What are the prime factors of 39/(-2)*(-2)/d?
13
Let g be (6/(-9))/(4/(-102)). Let z = g + -2. What are the prime factors of z?
3, 5
Let p be 1/(-2)*3*8. Let g be ((-12)/7)/(p/42). List the prime factors of (-3 + 1)*(-9)/g.
3
Suppose 5*d = 592 - 127. What are the prime factors of d?
3, 31
Let u = 4 + -4. Let m = u - -2. Suppose -m*v + v = -6. List the prime factors of v.
2, 3
List the prime factors of (32/10)/((-2)/(-5)).
2
Suppose -2*w - 16 = 2*w. Let o = w + 8. List the prime factors of o.
2
Let t(p) = -p**3 - 2*p**2 - p - 3. Let s be t(-3). Suppose -y + 4 = s. Let d(a) = -a**2 - 8*a - 4. What are the prime factors of d(y)?
11
Suppose k + 3*k = 2*b + 1142, 5*b + 1435 = 5*k. List the prime factors of k.
2, 71
Suppose -72 = j - 3*j. List the prime factors of j.
2, 3
Suppose -6*b + 116 = -28. List the prime factors of b.
2, 3
Let t be -1*(-30)/(3/1). Suppose -t*z + 56 = -6*z. What are the prime factors of z?
2, 7
Suppose -s = 2*t + t - 34, -3*s + 130 = -5*t. List the prime factors of s.
2, 5
Let f = 9 - 4. Suppose f + 13 = o. What are the prime factors of o?
2, 3
Let j = -3 - -7. Let x be j/4 + (-40)/2. Let p = x + 31. List the prime factors of p.
2, 3
Let d = 8 + -15. Let v = 11 + d. What are the prime factors of v?
2
Let t = 146 + -83. List the prime factors of t.
3, 7
Let z = -1 - -3. Let b = 26 - 12. Suppose -4*u + b = -z*u. List the prime factors of u.
7
List the prime factors of ((-202)/(-8))/(10/40).
101
Let t(b) = -2*b - 3. Let i be t(6). Let z = 22 + i. What are the prime factors of z?
7
Suppose 2*f = -f + 12, 0 = -p - 2*f + 11. Suppose -3*j + c = p*c - 41, -c - 2 = 0. List the prime factors of j.
3, 5
Suppose 2*y - 4*y = -162. What are the prime factors of y?
3
Suppose -4*y = -y - 15. Let c be y - -2*1 - 0. Suppose -13 - c = -5*s. List the prime factors of s.
2
List the prime factors of (-87)/(-4 - 3/(-1)).
3, 29
Let t = -7 - -31. Let l be 4/14 + t/14. Suppose -60 = -5*m - l*o, 5*m + o - 50 = 5. What are the prime factors of m?
2, 5
Let w = -16 + 18. Suppose g + o = 33, o + 111 = 4*g - w*o. List the prime factors of g.
2, 3, 5
List the prime factors of 10/30 - (-376)/6.
3, 7
Let d(g) = -g**2 + 8*g - 1. Let a(y) = -3*y - 3. Let s be a(-3). What are the prime factors of d(s)?
11
Let m be (-10)/6*3/1. Let z = -1 - m. What are the prime factors of z?
2
Suppose 5*h + 4*i - 80 = 0, -7*i + 56 = 3*h - 3*i. Suppose -60 = h*t - 7*t. Let p = 2 - t. What are the prime factors of p?
2, 7
Let j(i) = -i - 2. Let r be j(-11). Suppose 2*w - r = -w. What are the prime factors of w?
3
Let v be -2*(-2)/(-4)*0. Suppose v*p + p = 0. Suppose -3*j + 8*j - 80 = p. What are the prime factors of j?
2
Let n(a) = -9*a - 1. Let u be n(2). Let k = u - -39. What are the prime factors of k?
2, 5
Suppose 3*q + 8 + 1 = 0. Let f be 1/q*(0 + -6). List the prime factors of -9*(10/6 - f).
3
Suppose y - 34 = -2*a + 3*y, -65 = -5*a - 5*y. Suppose l + 2*l - a = 0. What are the prime factors of l?
5
Let v(n) = n**2 - n. Suppose 0 = 2*z + 2*z. Let j be v(z). Let c = j - -12. List the prime factors of c.
2, 3
Suppose -d = -4 - 3. Let j = 12 - d. Suppose -4*u + 26 = -l, -2*u + j*l + 22 = -0*l. List the prime factors of u.
2, 3
What are the prime factors of (-11 + 12)/(2/78)?
3, 13
Suppose 0 = 3*h + 2*h - 15, 0 = 4*x + 3*h - 49. Let y = 51 + x. What are the prime factors of y?
61
Let g be (-1015)/(-25) - 3/5. Suppose -59 = -5*a - 4*m - 24, 5*m = -5*a + g. What are the prime factors of a?
3
Suppose 0*u + 5*u - 390 = 0. What are the prime factors of u?
2, 3, 13
Let t be (7/(-3))/(6/18). Let k(o) = -o**3 - 6*o**2 + 2*o - 7. List the prime factors of k(t).
2, 7
Suppose -4*v + 228 = -q, -4*v - v + 5*q = -285. List the prime factors of v.
3, 19
Let k = 29 - 51. Let r = -13 - k. What are the prime factors of r?
3
Let i(f) = -f**3 + f**2 + 4*f - 1. Let q = -11 + 13. Suppose -16 = 4*h, 3*w + q*h = -h - 21. What are the prime factors of i(w)?
23
What are the prime factors of ((-1256)/(-18) - -1) + 4/18?
71
Suppose 0 = -6*z + 168 + 162. List the prime factors of z.
5, 11
Let k(p) = 2*p**2 + 10*p - 3. Let b = -5 + -2. Let d be k(b). Suppose u = -4*l - 0*u + d, -16 = -l + 3*u. What are the prime factors of l?
7
List the prime factors of (-5)/(1 - 39/36).
2, 3, 5
Let a(r) = -2*r + 12. Let w be a(11). Let s(i) = -i**3 - 2*i**2 - 2*i - 1. Let v be s(-2). What are the prime factors of (w + 0/v)/(-1)?
2, 5
Suppose j = 4*j - 324. What are the prime factors of j?
2, 3
Let q(s) = -s**2 - 3*s + 3. Let v be q(-4). Let b be 100/16 - v/(-4). Suppose 4*p = -2*c + 10, 2*c - b = -c + 3*p. List the prime factors of c.
3
Suppose -4*u + 652 = -56. List the prime factors of u.
3, 59
Let q(v) = -v**2 - 3*v + 4. Let d be q(-3). Let c(m) = d + 0*m**2 + 5*m - m**2 + 4. What are the prime factors of c(6)?
2
Suppose -3*s = -34 + 10. List the prime factors of 2/8 - (-38)/s.
5
Suppose 0 = 3*f - p - 59, -2*f - 4*p = -0*p - 44. Suppose -16 - f = -3*x. What are the prime factors of x?
2, 3
Let v be 2/(-10) - 55/(-25). Let y(h) = 1 + h**v + 8*h + 0*h**2 - h. List the prime factors of y(-8).
3
Let s be 6/(-4)*-4 + -1. What are the prime factors of ((-2)/(-2))/(s/20)?
2
Let q = 107 + -28. What are the prime factors of q?
79
Let z(v) = -2*v - 13. Let t be z(-11). Let m = 16 + t. List the prime factors of m.
5
Let t(j) = 3*j**2 - 19. What are the prime factors of t(6)?
89
Let b = -4 - -7. Suppose -b*v = -v - 30. Let d = v + -6. List the prime factors of d.
3
Suppose 3*y = -3*n + n + 15, 5*n + 2*y = 10. Let r = n - -10. List the prime factors of r.
2, 5
Let c = -27 - -76. Suppose 1 - c = -t. List the prime factors of t.
2, 3
What are the p